{"id":791,"date":"2021-10-02T14:28:43","date_gmt":"2021-10-02T12:28:43","guid":{"rendered":"https:\/\/ak44-giessen.de\/?page_id=791"},"modified":"2026-03-30T16:04:59","modified_gmt":"2026-03-30T14:04:59","slug":"regelmaessige-termine","status":"publish","type":"page","link":"https:\/\/ak44-giessen.de\/ak44-infoladen-giessen\/regelmaessige-termine\/","title":{"rendered":"Regelm\u00e4\u00dfige Termine"},"content":{"rendered":"\n<figure class=\"wp-block-table is-style-regular\"><table><tbody><tr><td><strong><strong>1., 3. und evtl. 5. Dienstag <\/strong><\/strong><br>im Monat &#8211; 19:00<\/td><td><strong><mark style=\"background-color:#000\" class=\"has-inline-color\"><mark style=\"background-color:#000\" class=\"has-inline-color has-white-color\">K\u00fcFa &#8211; K\u00fcche f\u00fcr Alle<\/mark><\/mark><\/strong><br>Die <strong>K\u00fcFa<\/strong> (K\u00fcche f\u00fcr Alle) bietet nicht nur veganes Essen, sondern ist auch ein regelm\u00e4\u00dfiger Treffpunkt zum Austausch \u00fcber anstehende Aktionen, Projekte und Veranstaltungen in Gie\u00dfen. Wir freuen uns \u00fcber Interessierte, die vorbeischauen, ganz egal ob hungrig oder nicht. <figure class=\"wp-block-image size-medium is-resized\"><img loading=\"lazy\" decoding=\"async\" width=\"300\" height=\"287\" class=\"wp-image-852\" src=\"https:\/\/ak44-giessen.de\/wp-content\/uploads\/2022\/01\/kuefa_gi_pic-300x287.png\" alt=\"\" srcset=\"https:\/\/ak44-giessen.de\/wp-content\/uploads\/2022\/01\/kuefa_gi_pic-300x287.png 300w, https:\/\/ak44-giessen.de\/wp-content\/uploads\/2022\/01\/kuefa_gi_pic-313x300.png 313w, https:\/\/ak44-giessen.de\/wp-content\/uploads\/2022\/01\/kuefa_gi_pic.png 612w\" sizes=\"auto, (max-width: 300px) 100vw, 300px\" \/><\/figure><\/td><\/tr><tr><td><strong>1., 3. und evtl. 5. Dienstag  <\/strong>im Monat &#8211;<br>18:30<\/td><td><strong><mark style=\"background-color:#000\" class=\"has-inline-color\"><mark style=\"background-color:#000\" class=\"has-inline-color has-white-color\">Infoladen Plenum<\/mark><\/mark><\/strong><br>Das <strong>Infoladen Plenum<\/strong> findet derzeit immer am 1., 3. und evtl. 5. Dienstag im Monat statt.<br>Im \u00f6ffentlich Plenum werden etwa alle zwei Wochen inhaltliche, organisatorische und alle weiteren anliegenden Themen, Fragen und Problemstellungen diskutiert und nach dem Konsensprinzip entschieden. Da wir nichts von Hierarchien oder starren Organisationsformen halten und auch niemensch Geld f\u00fcr ihre*seine Arbeit im Zentrum bekommt, ist dies der Ort, wo wir Probleme gemeinsam zu l\u00f6sen versuchen und Entscheidungen treffen. Das Plenum ist somit das einzige gestaltende Organ des Zentrums und jede*r darf\/soll sich beteiligen.<br><strong>Das Plenum ist auch der richtige Anlaufpunkt, wenn du beispielsweise im Infoladen\/AK44 eine Veranstaltung organisieren m\u00f6chtest bzw. dir eine anderweitige Nutzung vorschwebt.<\/strong><\/td><\/tr><\/tbody><\/table><\/figure>\n\n\n\n<figure class=\"wp-block-table is-style-regular\"><table><tbody><tr><td><s><strong>1., 3. und evtl. 5. Donnerstag <\/strong>im Monat &#8211;<br>18:00<\/s><\/td><td><mark style=\"background-color:#000\" class=\"has-inline-color has-white-color\"><strong>Offenes Antifaschistisches Treffen (OAT) Gie\u00dfen<\/strong><\/mark><br>mal Plenum, mal Vortrag, danach meist Kneipenabend.<br>Termine s. <a href=\"https:\/\/ak44-giessen.de\/kalender\/\" target=\"_blank\" rel=\"noreferrer noopener\">Veranstaltungskalender<\/a><br><br><strong>Pausiert. Zurzeit keine regelm\u00e4\u00dfigen Treffen.<\/strong><br>(Stand: 11\/25)<br>&#8212;<br><s>Das Offene Antifaschistische Treffen findet jeden ersten, dritten (und f\u00fcnften) Donnerstag im AK44 statt. Eingeladen sind alle, die keine Lust auf Rassismus, Sexismus, Homophobie, Transphobie oder anderes diskriminierendes Verhalten haben. Refugees Welcome!<br><br>The Open Antifascist Meeting takes place every first, third (and fifth) thursday in AK 44. Everyone who has no desire for racism, sexism, homophobia, transphobia or other discriminatory behavior is invited. Refugees Welcome!<\/s><\/td><\/tr><\/tbody><\/table><\/figure>\n\n\n\n<figure class=\"wp-block-table is-style-regular\"><table><tbody><tr><td><strong>Sonntags, siehe <a href=\"https:\/\/ak44-giessen.de\/ak44-infoladen-giessen\/offener-infoladen-im-ak44\/\" target=\"_blank\" rel=\"noreferrer noopener\">Offener Infoladen im AK44<\/a><\/strong><br>&#8211;<br>meist 14:00-18uhr<\/td><td><strong><mark style=\"background-color:#000\" class=\"has-inline-color\"><mark style=\"background-color:#000\" class=\"has-inline-color has-white-color\">Offener Infoladen im AK44<\/mark><\/mark><\/strong><br>&#8212;<br>Der Infoladen bekommt wieder regelm\u00e4\u00dfige \u00d6ffnungszeiten!<br>Kommt gerne vorbei auf lecker Gesp\u00e4che, netten Kaffee, Lesen und sich vernetzen.<br>Der Infoladen wird getragen und genutzt von Menschen mit unterschiedlichsten politischen \u00dcberzeugungen aus dem undogmatischen, sowie emanzipatorischen, linksradikalen Spektrum. Trotz aller Pluralit\u00e4t eint die Aktiven einen Gegenetwurf zu probieren und zu leben. So fungiert der Infoladen als wichtige Schnittstelle f\u00fcr Gruppen und Initiativen aus verschiedensten politischen und kulturellen Teilbereichen und Spektren<\/td><\/tr><\/tbody><\/table><\/figure>\n","protected":false},"excerpt":{"rendered":"<p>1., 3. und evtl. 5. Dienstag im Monat &#8211; 19:00 K\u00fcFa &#8211; K\u00fcche f\u00fcr AlleDie K\u00fcFa (K\u00fcche f\u00fcr Alle) bietet nicht nur veganes Essen, sondern ist auch ein regelm\u00e4\u00dfiger Treffpunkt zum Austausch \u00fcber anstehende Aktionen, Projekte und Veranstaltungen in Gie\u00dfen. &hellip; <a href=\"https:\/\/ak44-giessen.de\/ak44-infoladen-giessen\/regelmaessige-termine\/\">Weiterlesen <span class=\"meta-nav\">&rarr;<\/span><\/a><\/p>\n","protected":false},"author":1,"featured_media":0,"parent":0,"menu_order":0,"comment_status":"closed","ping_status":"closed","template":"","meta":{"footnotes":""},"class_list":["post-791","page","type-page","status-publish","hentry"],"_links":{"self":[{"href":"https:\/\/ak44-giessen.de\/ak44-infoladen-giessen\/wp-json\/wp\/v2\/pages\/791","targetHints":{"allow":["GET"]}}],"collection":[{"href":"https:\/\/ak44-giessen.de\/ak44-infoladen-giessen\/wp-json\/wp\/v2\/pages"}],"about":[{"href":"https:\/\/ak44-giessen.de\/ak44-infoladen-giessen\/wp-json\/wp\/v2\/types\/page"}],"author":[{"embeddable":true,"href":"https:\/\/ak44-giessen.de\/ak44-infoladen-giessen\/wp-json\/wp\/v2\/users\/1"}],"replies":[{"embeddable":true,"href":"https:\/\/ak44-giessen.de\/ak44-infoladen-giessen\/wp-json\/wp\/v2\/comments?post=791"}],"version-history":[{"count":28,"href":"https:\/\/ak44-giessen.de\/ak44-infoladen-giessen\/wp-json\/wp\/v2\/pages\/791\/revisions"}],"predecessor-version":[{"id":2146,"href":"https:\/\/ak44-giessen.de\/ak44-infoladen-giessen\/wp-json\/wp\/v2\/pages\/791\/revisions\/2146"}],"wp:attachment":[{"href":"https:\/\/ak44-giessen.de\/ak44-infoladen-giessen\/wp-json\/wp\/v2\/media?parent=791"}],"curies":[{"name":"wp","href":"https:\/\/api.w.org\/{rel}","templated":true}]}}