{"id":1566,"date":"2024-04-23T13:18:23","date_gmt":"2024-04-23T11:18:23","guid":{"rendered":"https:\/\/ak44-giessen.de\/?page_id=1566"},"modified":"2024-12-06T17:11:39","modified_gmt":"2024-12-06T16:11:39","slug":"index44","status":"publish","type":"page","link":"https:\/\/ak44-giessen.de\/ak44-infoladen-giessen\/","title":{"rendered":"AK44 \/\/ Infoladen Gie\u00dfen"},"content":{"rendered":"\n<p>Das Autonome Kulturzentrum Gie\u00dfen\u2026<\/p>\n\n\n\n<p>\u2026ist ein unkommerzielles Zentrum. Es bekommt keine \u00f6ffentlichen Zusch\u00fcsse, es wird weder auf Gewinn gearbeitet noch bekommt irgendwer Geld. Das ist die Voraussetzung daf\u00fcr, allen die Nutzung zu erm\u00f6glichen. Mitgestalten soll m\u00f6glich sein, ohne konsumieren zu m\u00fcssen.<\/p>\n\n\n\n<p>\u2026ist ein politischer Raum, der sich gegen jede Form von Antisemitismus, Homo- und Transfeindlichkeit, Klassismus, Nationalismus, Rassismus und Sexismus positioniert.<\/p>\n\n\n\n<p>\u2026ist der Versuch einen gegenkulturellen Ort f\u00fcr alle zu schaffen, die sich nicht in der heteronormativen, rassistischen und wachstumsorientierten Mehrheitsgesellschaft wohlf\u00fchlen.<\/p>\n\n\n\n<p>\u2026ist selbstorganisiert. Das bedeutet, dass alle alles machen und alle f\u00fcr alles verantwortlich sind. Gemeinsame Auseinandersetzungen \u00fcber und um die R\u00e4ume finden im regelm\u00e4\u00dfigen offenen Plenum statt. (immer am 1., 3. und ggf. 5. Dienstag im Monat um 18:30)<\/p>\n\n\n\n<p>\u2026bietet die M\u00f6glichkeit, Interessen und Ideen umzusetzen, Gruppenstrukturen zu entwickeln oder vorhandene zu nutzen.<\/p>\n\n\n\n<p>\u2026m\u00f6chte einen Raum schaffen, in dem diskriminierendes Verhalten keinen Platz hat. Realit\u00e4t ist jedoch, dass auch an Orten mit emanzipatorischem Anspruch \u00fcbergriffige Situationen passieren. Falls du einen \u00dcbergriff mitbekommst, schau nicht weg: Frage nach, ob die Person Unterst\u00fctzung braucht und wende dich bei Bedarf an die Menschen hinter der Theke oder das Awarness-Team der Veranstaltung.<\/p>\n\n\n\n<p>\u2026ist nicht <a href=\"https:\/\/ak44-giessen.de\/what-does-infoladen-mean\/\" data-type=\"page\" data-id=\"12\">besetzt<\/a>, und da Miete und viele andere laufende Kosten bezahlt werden m\u00fcssen, braucht es jeden Monat eine Menge Geld, das Zentrum am laufen zu halten. Ohne <a href=\"https:\/\/ak44-giessen.de\/spenden\/\" data-type=\"page\" data-id=\"797\" target=\"_blank\" rel=\"noreferrer noopener\">regelm\u00e4\u00dfige Spenden<\/a> geht es nicht.<\/p>\n\n\n\n<div style=\"height:50px\" aria-hidden=\"true\" class=\"wp-block-spacer\"><\/div>\n\n\n\n<h1 class=\"wp-block-heading alignwide has-text-align-center\" id=\"we-re-a-studio-in-berlin-with-an-international-practice-in-architecture-urban-planning-and-interior-design-we-believe-in-sharing-knowledge-and-promoting-dialogue-to-increase-the-creative-potential-of-collaboration\" style=\"font-size:48px;line-height:1.1\">Aktuelles<\/h1>\n\n\n\n<p class=\"has-text-align-center\"><sup>Ein Blog f\u00fcr mehr oder weniger aktuelle Dinge<\/sup><\/p>\n\n\n<ul class=\"wp-block-latest-posts__list has-dates wp-block-latest-posts\"><li><a class=\"wp-block-latest-posts__post-title\" href=\"https:\/\/ak44-giessen.de\/ak44-infoladen-giessen\/offener-infoladen-im-ak44\/\">Offener Infoladen im AK44<\/a><time datetime=\"2025-03-31T15:02:17+02:00\" class=\"wp-block-latest-posts__post-date\">31. M\u00e4rz 2025<\/time><div class=\"wp-block-latest-posts__post-full-content\"><!-- wp:paragraph -->\n<p>Der Infoladen hat wieder regelm\u00e4\u00dfige \u00d6ffnungszeiten!<\/p>\n<!-- \/wp:paragraph -->\n\n<!-- wp:paragraph -->\n<p>n\u00e4chste Termine:<\/p>\n<!-- \/wp:paragraph -->\n\n<!-- wp:paragraph -->\n<p>07.09. 14-16Uhr<\/p>\n<!-- \/wp:paragraph -->\n\n<!-- wp:paragraph -->\n<p>21.09. 14-16Uhr<\/p>\n<!-- \/wp:paragraph -->\n\n<!-- wp:paragraph -->\n<p>12.10. 14-17Uhr<\/p>\n<!-- \/wp:paragraph -->\n\n<!-- wp:paragraph -->\n<p>&#8230; Aktualisiert 07.09.25 \ud83d\ude42<\/p>\n<!-- \/wp:paragraph -->\n\n<!-- wp:paragraph -->\n<p>Kommt gerne vorbei auf leckere Gesp\u00e4che, netten Kaffee, Lesen und sich vernetzen.<\/p>\n<!-- \/wp:paragraph -->\n\n<!-- wp:paragraph -->\n<p>Wenn das Wetter noch mitmacht, wird auch die Tischtennisplatte ausgepackt!<\/p>\n<!-- \/wp:paragraph -->\n\n<!-- wp:paragraph -->\n<p>Der Infoladen wird getragen und genutzt von Menschen mit unterschiedlichsten politischen \u00dcberzeugungen aus dem undogmatischen, sowie emanzipatorischen, linksradikalen Spektrum. Trotz aller Pluralit\u00e4t eint die Aktiven einen Gegenetwurf zu probieren und zu leben. So fungiert der Infoladen als wichtige Schnittstelle f\u00fcr Gruppen und Initiativen aus verschiedensten politischen und kulturellen Teilbereichen und Spektren.<\/p>\n<!-- \/wp:paragraph --><\/div><\/li>\n<\/ul>\n\n\n<p><\/p>\n","protected":false},"excerpt":{"rendered":"<p>Das Autonome Kulturzentrum Gie\u00dfen\u2026 \u2026ist ein unkommerzielles Zentrum. Es bekommt keine \u00f6ffentlichen Zusch\u00fcsse, es wird weder auf Gewinn gearbeitet noch bekommt irgendwer Geld. Das ist die Voraussetzung daf\u00fcr, allen die Nutzung zu erm\u00f6glichen. Mitgestalten soll m\u00f6glich sein, ohne konsumieren zu &hellip; <a href=\"https:\/\/ak44-giessen.de\/ak44-infoladen-giessen\/\">Weiterlesen <span class=\"meta-nav\">&rarr;<\/span><\/a><\/p>\n","protected":false},"author":1,"featured_media":0,"parent":0,"menu_order":0,"comment_status":"closed","ping_status":"closed","template":"sidebar-page.php","meta":{"footnotes":""},"class_list":["post-1566","page","type-page","status-publish","hentry"],"_links":{"self":[{"href":"https:\/\/ak44-giessen.de\/ak44-infoladen-giessen\/wp-json\/wp\/v2\/pages\/1566","targetHints":{"allow":["GET"]}}],"collection":[{"href":"https:\/\/ak44-giessen.de\/ak44-infoladen-giessen\/wp-json\/wp\/v2\/pages"}],"about":[{"href":"https:\/\/ak44-giessen.de\/ak44-infoladen-giessen\/wp-json\/wp\/v2\/types\/page"}],"author":[{"embeddable":true,"href":"https:\/\/ak44-giessen.de\/ak44-infoladen-giessen\/wp-json\/wp\/v2\/users\/1"}],"replies":[{"embeddable":true,"href":"https:\/\/ak44-giessen.de\/ak44-infoladen-giessen\/wp-json\/wp\/v2\/comments?post=1566"}],"version-history":[{"count":21,"href":"https:\/\/ak44-giessen.de\/ak44-infoladen-giessen\/wp-json\/wp\/v2\/pages\/1566\/revisions"}],"predecessor-version":[{"id":1773,"href":"https:\/\/ak44-giessen.de\/ak44-infoladen-giessen\/wp-json\/wp\/v2\/pages\/1566\/revisions\/1773"}],"wp:attachment":[{"href":"https:\/\/ak44-giessen.de\/ak44-infoladen-giessen\/wp-json\/wp\/v2\/media?parent=1566"}],"curies":[{"name":"wp","href":"https:\/\/api.w.org\/{rel}","templated":true}]}}