{"id":14,"date":"2015-08-13T14:13:03","date_gmt":"2015-08-13T14:13:03","guid":{"rendered":"https:\/\/ak44-giessen.de\/?page_id=14"},"modified":"2018-12-19T17:51:47","modified_gmt":"2018-12-19T16:51:47","slug":"archiv","status":"publish","type":"page","link":"https:\/\/ak44-giessen.de\/ak44-infoladen-giessen\/archiv\/","title":{"rendered":"Archiv im Infoladen"},"content":{"rendered":"<p>(english below)<\/p>\n<p>Das Archiv ist Teil des Autonomen Kulturzentrums im Alten Wetzlarer Weg 44, welches als Ersatz f\u00fcr die lange Jahre besetzte S\u00fcdanlage 20 bezogen wurde und entstand bereits in der S\u00fcdanlage.<\/p>\n<div id=\"magicdomid725\" dir=\"ltr\">\n<p>Im Archiv des Infoladens werden diverse linke sowie ideologiekritische Zeitschriften zu verschiedenen Themen gesammelt. Zum Beispiel finden sich hier alle Ausgaben der letzten Jahre des Antifaschistischen Infoblattes (AIB), der Lotta oder der Phase 2. Au\u00dferdem befindet sich dort ein umfangreiches Zeitungsartikelarchiv zu lokalen Ereignissen und Aktivit\u00e4ten der vergangenen 20 Jahre.<\/p>\n<\/div>\n<div id=\"magicdomid21\" dir=\"ltr\">\n<p>Dabei werden Artikel zu den Themen Stadtentwicklung beispielsweise ebenso archiviert wie Artikel zum Thema Burschenschaften. Einen weiteren Bereich nimmt die regionale (politische) Rechte ein. Von Artikeln \u00fcber Rechtspopulist*innen bis zu Neonazis sind umfangreiche Sammlungen vorhanden und geordnet.<\/p>\n<\/div>\n<div id=\"magicdomid731\" dir=\"ltr\">\n<p>Dar\u00fcber hinaus gibt es zu diversen Themen wie Religion, Homosexualit\u00e4t und Gender bis hin zu \u00d6kologie und Esoterik kleinere Sammlungen.<\/p>\n<\/div>\n<div id=\"magicdomid732\" dir=\"ltr\">\n<p>Auch eine kleine B\u00fcchersammlung findet sich im Archiv. Weiterhin stellt das Archiv eine breite Palette an Readern und Infomaterial.<\/p>\n<\/div>\n<div id=\"magicdomid24\" dir=\"ltr\">\n<p>Das Archiv lebt davon, dass Menschen Artikel, Texte oder Beitr\u00e4ge zu relevanten Themen vorbei bringen. Ob dies B\u00fccher, Zeitschriften oder einzelne Artikel sind, spielt keine Rolle.<\/p>\n<\/div>\n<p>Das Archiv steht allen interessierten Menschen offen!<\/p>\n<p>_____________________________________<\/p>\n<p><strong>The archive in the Infoladen<\/strong><\/p>\n<p>The archive is part of the AK 44 in Alter Wetzlarer Weg 44 and works as a replacement for the archive which was included in the long lasting squat S\u00fcdanlage 20.<\/p>\n<p>The archive contains many left-wing and ideology-critical magazines on various topics, for example there are all recent issues of Antifaschistisches Infoblatt (AIB), of Lotta or of Phase 2. Also a broad amount of newspaper articles regarding local incidents and activities of the past twenty years are archived and can be viewed.<\/p>\n<p>Referring to this, newspaper articles regarding the urban development, for example, are archived just as articles regarding fraternities. Another topic is the local (political) right. Large collections of articles regarding right-wing populists or neo-Nazis are available and sorted.<\/p>\n<p>Furthermore, there are smaller collections of various topics such as religion, homosexuality, gender, ecology, esotericism and more.\u00a0Also the archive includes a small book collection and a wide range of readers and information material.\u00a0For the archive it is essential that people drop off articles and texts regarding relevant topics.<\/p>\n<p>It doesn\u2019t matter if you bring books, magazines or single articles.<\/p>\n<p>The archive is open to all interested people.<\/p>\n","protected":false},"excerpt":{"rendered":"<p>(english below) Das Archiv ist Teil des Autonomen Kulturzentrums im Alten Wetzlarer Weg 44, welches als Ersatz f\u00fcr die lange Jahre besetzte S\u00fcdanlage 20 bezogen wurde und entstand bereits in der S\u00fcdanlage. Im Archiv des Infoladens werden diverse linke sowie &hellip; <a href=\"https:\/\/ak44-giessen.de\/ak44-infoladen-giessen\/archiv\/\">Weiterlesen <span class=\"meta-nav\">&rarr;<\/span><\/a><\/p>\n","protected":false},"author":1,"featured_media":0,"parent":0,"menu_order":0,"comment_status":"closed","ping_status":"closed","template":"","meta":{"footnotes":""},"class_list":["post-14","page","type-page","status-publish","hentry"],"_links":{"self":[{"href":"https:\/\/ak44-giessen.de\/ak44-infoladen-giessen\/wp-json\/wp\/v2\/pages\/14","targetHints":{"allow":["GET"]}}],"collection":[{"href":"https:\/\/ak44-giessen.de\/ak44-infoladen-giessen\/wp-json\/wp\/v2\/pages"}],"about":[{"href":"https:\/\/ak44-giessen.de\/ak44-infoladen-giessen\/wp-json\/wp\/v2\/types\/page"}],"author":[{"embeddable":true,"href":"https:\/\/ak44-giessen.de\/ak44-infoladen-giessen\/wp-json\/wp\/v2\/users\/1"}],"replies":[{"embeddable":true,"href":"https:\/\/ak44-giessen.de\/ak44-infoladen-giessen\/wp-json\/wp\/v2\/comments?post=14"}],"version-history":[{"count":3,"href":"https:\/\/ak44-giessen.de\/ak44-infoladen-giessen\/wp-json\/wp\/v2\/pages\/14\/revisions"}],"predecessor-version":[{"id":560,"href":"https:\/\/ak44-giessen.de\/ak44-infoladen-giessen\/wp-json\/wp\/v2\/pages\/14\/revisions\/560"}],"wp:attachment":[{"href":"https:\/\/ak44-giessen.de\/ak44-infoladen-giessen\/wp-json\/wp\/v2\/media?parent=14"}],"curies":[{"name":"wp","href":"https:\/\/api.w.org\/{rel}","templated":true}]}}