{"id":2507,"date":"2026-08-30T14:29:52","date_gmt":"2026-08-30T12:29:52","guid":{"rendered":"https:\/\/ak44-giessen.de\/ak44-infoladen-giessen\/?post_type=event&#038;p=2507"},"modified":"2026-08-30T14:38:02","modified_gmt":"2026-08-30T12:38:02","slug":"juedische-identitaeten-und-antisemitismus-im-punk-buchvorstellung-und-gespraech-mit-andreas-borsch-hg-im-anschluss-punk-kneipe","status":"publish","type":"event","link":"https:\/\/ak44-giessen.de\/ak44-infoladen-giessen\/event\/juedische-identitaeten-und-antisemitismus-im-punk-buchvorstellung-und-gespraech-mit-andreas-borsch-hg-im-anschluss-punk-kneipe\/","title":{"rendered":"J\u00fcdische Identit\u00e4ten und Antisemitismus im Punk"},"content":{"rendered":"\n<p class=\"wp-block-paragraph\">Buchvorstellung und Gespr\u00e4ch mit Andreas Borsch (Hg.) &#8211; J\u00fcdische Identit\u00e4ten und Antisemitismus im Punk &#8211; 11. September 2026 ab 19:30 \/ im Anschluss Punk Kneipe<\/p>\n\n\n\n<figure class=\"wp-block-image size-full\"><a href=\"https:\/\/ak44-giessen.de\/ak44-infoladen-giessen\/event\/juedische-identitaeten-und-antisemitismus-im-punk-buchvorstellung-und-gespraech-mit-andreas-borsch-hg-im-anschluss-punk-kneipe\/\"><img loading=\"lazy\" decoding=\"async\" width=\"683\" height=\"851\" src=\"https:\/\/ak44-giessen.de\/wp-content\/uploads\/2026\/08\/Screenshot-2026-08-30-142201.png\" alt=\"\" class=\"wp-image-2508\" srcset=\"https:\/\/ak44-giessen.de\/wp-content\/uploads\/2026\/08\/Screenshot-2026-08-30-142201.png 683w, https:\/\/ak44-giessen.de\/wp-content\/uploads\/2026\/08\/Screenshot-2026-08-30-142201-241x300.png 241w\" sizes=\"auto, (max-width: 683px) 100vw, 683px\" \/><\/a><\/figure>\n\n\n\n<p class=\"wp-block-paragraph\"><br>In nahezu allen Gesellschaftsbereichen erleben wir derzeit einen rasanten Anstieg von Antisemitismus. Darauf weisen aktuelle Forschungsergebnisse ebenso hin wie Statistiken von Melde- und Beratungsstellen wie RIAS und OFEK. Besonders bemerkenswert ist die Zunahme judenfeindlicher Vorf\u00e4lle in alternativen und sich progressiv gebenden Milieus, die sich in ihrer Selbstwahrnehmung oftmals immun gegen\u00fcber solchen Tendenzen w\u00e4hnen. In diesem Buch fragen sich die Autor:innen, wie eine Subkultur wie Punk, deren Geschichte und Gegenwart ma\u00dfgeblich auch von j\u00fcdischen Protagonist:innen gepr\u00e4gt wurde und wird, anf\u00e4llig f\u00fcr antisemitische Dynamiken werden konnte? Inwiefern setzen sich Punks gegen Antisemitismus zur Wehr? Wie erleben j\u00fcdische Punks \u2013 auch in Deutschland \u2013 die Entwicklungen seit dem Siebten Oktober? Was macht Subkulturen wie Punk dennoch auch f\u00fcr Juden und J\u00fcdinnen noch immer attraktiv? Kann Punk ein Reservoir sein, f\u00fcr eine Kritik und Bek\u00e4mpfung des Antisemitismus auf der H\u00f6he der Zeit?<\/p>\n\n\n\n<p class=\"wp-block-paragraph\"><\/p>\n","protected":false},"author":1,"featured_media":0,"menu_order":0,"template":"","meta":[],"event_cat":[30,15],"class_list":["post-2507","event","type-event","status-publish","hentry","event_cat-kneipe","event_cat-lesung"],"_links":{"self":[{"href":"https:\/\/ak44-giessen.de\/ak44-infoladen-giessen\/wp-json\/wp\/v2\/event\/2507","targetHints":{"allow":["GET"]}}],"collection":[{"href":"https:\/\/ak44-giessen.de\/ak44-infoladen-giessen\/wp-json\/wp\/v2\/event"}],"about":[{"href":"https:\/\/ak44-giessen.de\/ak44-infoladen-giessen\/wp-json\/wp\/v2\/types\/event"}],"author":[{"embeddable":true,"href":"https:\/\/ak44-giessen.de\/ak44-infoladen-giessen\/wp-json\/wp\/v2\/users\/1"}],"wp:attachment":[{"href":"https:\/\/ak44-giessen.de\/ak44-infoladen-giessen\/wp-json\/wp\/v2\/media?parent=2507"}],"wp:term":[{"taxonomy":"event_cat","embeddable":true,"href":"https:\/\/ak44-giessen.de\/ak44-infoladen-giessen\/wp-json\/wp\/v2\/event_cat?post=2507"}],"curies":[{"name":"wp","href":"https:\/\/api.w.org\/{rel}","templated":true}]}}

Jüdische Identitäten und Antisemitismus im Punk

<p class="wp-block-paragraph">Buchvorstellung und Gespräch mit Andreas Borsch (Hg.) &#8211; Jüdische Identitäten und Antisemitismus im Punk &#8211; 11. September 2026 ab 19:30 / im Anschluss Punk Kneipe</p>



<figure class="wp-block-image size-full"><a href="https://ak44-giessen.de/ak44-infoladen-giessen/event/juedische-identitaeten-und-antisemitismus-im-punk-buchvorstellung-und-gespraech-mit-andreas-borsch-hg-im-anschluss-punk-kneipe/"><img loading="lazy" decoding="async" width="683" height="851" src="https://ak44-giessen.de/wp-content/uploads/2026/08/Screenshot-2026-08-30-142201.png" alt="" class="wp-image-2508" srcset="https://ak44-giessen.de/wp-content/uploads/2026/08/Screenshot-2026-08-30-142201.png 683w, https://ak44-giessen.de/wp-content/uploads/2026/08/Screenshot-2026-08-30-142201-241x300.png 241w" sizes="auto, (max-width: 683px) 100vw, 683px" /></a></figure>



<p class="wp-block-paragraph"><br>In nahezu allen Gesellschaftsbereichen erleben wir derzeit einen rasanten Anstieg von Antisemitismus. Darauf weisen aktuelle Forschungsergebnisse ebenso hin wie Statistiken von Melde- und Beratungsstellen wie RIAS und OFEK. Besonders bemerkenswert ist die Zunahme judenfeindlicher Vorfälle in alternativen und sich progressiv gebenden Milieus, die sich in ihrer Selbstwahrnehmung oftmals immun gegenüber solchen Tendenzen wähnen. In diesem Buch fragen sich die Autor:innen, wie eine Subkultur wie Punk, deren Geschichte und Gegenwart maßgeblich auch von jüdischen Protagonist:innen geprägt wurde und wird, anfällig für antisemitische Dynamiken werden konnte? Inwiefern setzen sich Punks gegen Antisemitismus zur Wehr? Wie erleben jüdische Punks – auch in Deutschland – die Entwicklungen seit dem Siebten Oktober? Was macht Subkulturen wie Punk dennoch auch für Juden und Jüdinnen noch immer attraktiv? Kann Punk ein Reservoir sein, für eine Kritik und Bekämpfung des Antisemitismus auf der Höhe der Zeit?</p>



<p class="wp-block-paragraph"></p>
